(1).
-22
Let j(z) = -36*z**3 + 5*z**2 - 8*z - 9. Calculate j(-1).
40
Let p(t) = -54*t**2 + 63*t - 63. Determine p(1).
-54
Let u(w) = 143*w**2 - 1572*w - 46. Give u(11).
-35
Let z(o) = 23*o**2 - 235*o - 205. Give z(11).
-7
Let s(j) = -317*j - 3462. Determine s(-11).
25
Let t(s) = -18*s + 224. Determine t(13).
-10
Let c(s) = 1734*s - 22548. Calculate c(13).
-6
Let v(p) = -p**3 - 4*p**2 + 116*p + 233. Determine v(-2).
-7
Let q(y) = -y**2 + 30*y + 34. Give q(17).
255
Let u(c) = 16*c**2 - 45*c - 259. Give u(-5).
366
Let q(l) = -l**2 - 29*l - 182. Calculate q(-12).
22
Let x(j) = -2564*j + 15379. Give x(6).
-5
Let i(u) = 5*u**2 - 38*u + 61. Determine i(2).
5
Let k(w) = 39*w - 2079. Calculate k(56).
105
Let z(j) = 2346*j - 21113. What is z(9)?
1
Let j(d) = -d**2 + 37*d - 137. What is j(30)?
73
Let s(y) = 123*y - 131. Give s(0).
-131
Let m(a) = 234*a - 765. Give m(7).
873
Let r(h) = -h**3 + 24*h**2 + 241*h - 121. Determine r(-8).
-1
Let k(z) = -z**2 + 38*z - 145. What is k(33)?
20
Let c(i) = -3*i**3 + i**2 - 157*i + 311. Determine c(2).
-23
Let a(j) = 3*j**3 - 34*j**2 + 22*j - 68. What is a(11)?
53
Let f(o) = -169*o + 3023. What is f(18)?
-19
Let s(b) = 107*b + 1099. Give s(-11).
-78
Let f(k) = 30*k + 1782. Give f(-59).
12
Let g(p) = -p**3 + 15*p**2 - 19*p + 237. Calculate g(15).
-48
Let m(y) = y**3 - 13*y**2 + 2*y - 8. Calculate m(13).
18
Let m(n) = -n**2 + 38. Calculate m(6).
2
Let s(a) = -22*a - 461. Calculate s(-21).
1
Let p(f) = 4*f**3 - 144*f**2 - 3*f + 118. Give p(36).
10
Let j(s) = -s**2 + 55*s - 239. Calculate j(43).
277
Let k(o) = 2*o**3 + 262*o**2 - 1643*o + 130. Calculate k(-137).
-7
Let o(y) = 170*y + 4256. Calculate o(-25).
6
Let w(a) = -2*a**3 - 76*a**2 + 379*a + 8767. Give w(-40).
7
Let k(h) = -19*h**2 - 6*h - 1. Calculate k(1).
-26
Let b(o) = 125*o - 1373. Determine b(11).
2
Let f(y) = -11*y**2 - 2*y + 76. What is f(7)?
-477
Let f(r) = 148*r - 151. Calculate f(2).
145
Let a(m) = -39*m + 456. Determine a(12).
-12
Let h(d) = 28*d - 1793. What is h(61)?
-85
Let n(d) = -3*d**3 + 11*d**2 - 12*d + 18. Calculate n(6).
-306
Let y(b) = -45*b + 120. What is y(8)?
-240
Let l(m) = m**2 + 94*m - 1137. Give l(11).
18
Let q(n) = -3*n**3 - 13*n**2 - 42*n - 146. What is q(-4)?
6
Let i(l) = 5*l**2 - 71*l - 12. What is i(14)?
-26
Let i(q) = -q**3 - 38*q**2 + 13*q + 3057. Give i(-36).
-3
Let a(y) = 2*y**3 + 13*y**2 - 13*y + 19. Calculate a(-7).
61
Let g(p) = 1511*p - 42335. Determine g(28).
-27
Let y(q) = -2*q**3 + 14*q**2 + 31*q + 20. Determine y(9).
-25
Let l(w) = -6482*w + 12958. Give l(2).
-6
Let r(i) = -i**2 + 39*i - 167. Calculate r(5).
3
Let t(w) = -151*w. What is t(-1)?
151
Let u(s) = -59*s + 758. Calculate u(14).
-68
Let d(f) = 2*f**3 + f**2 + f - 45. Give d(-6).
-447
Let h(z) = z**3 + 6*z**2 + 124*z + 233. What is h(-2)?
1
Let l(u) = -u**3 - 114*u**2 + 354*u + 4. Determine l(3).
13
Let k(g) = -47*g + 9. Calculate k(-3).
150
Let b(q) = q**3 - 8*q**2 + q + 121. What is b(0)?
121
Let y(l) = 5*l**3 - 22*l**2 + 4*l + 4. Give y(4).
-12
Let z(n) = n + 55. Determine z(-54).
1
Let l(m) = m**2 - 1829*m - 12789. Calculate l(-7).
63
Let t(v) = v**3 + 29*v**2 + 102*v + 9. Give t(-4).
1
Let m(u) = -3*u**3 - 24*u**2 - u + 3. Calculate m(-8).
11
Let p(w) = w**3 - 10*w**2 - 11*w - 1. Give p(11).
-1
Let w(y) = 111*y - 841. Determine w(13).
602
Let b(r) = 46*r + 135. Determine b(-9).
-279
Let s(h) = h**3 + 31*h**2 + 166*h - 445. What is s(-23)?
-31
Let t(f) = 60*f + 1036. What is t(-17)?
16
Let b(x) = 2*x**2 + 1022*x - 37063. Calculate b(34).
-3
Let t(v) = 8*v**2 - 96*v + 311. Determine t(6).
23
Let m(f) = 176*f**2 + 12*f - 2. What is m(-1)?
162
Let q(f) = -f**2 + 637*f + 7133. What is q(-11)?
5
Let i(r) = -r**3 + 70*r**2 - 897*r - 103. Calculate i(53).
109
Let b(v) = 2*v**3 - 8*v**2 + 29*v - 123. Determine b(4).
-7
Let k(y) = -y**3 - 28*y**2 - 33*y - 971. Give k(-28).
-47
Let g(y) = -y**3 - 35*y**2 - 198*y - 134. What is g(-28)?
-78
Let b(m) = -m**3 + 37*m**2 - 65*m - 98. Determine b(35).
77
Let b(w) = w**2 + 7*w - 129. Calculate b(-15).
-9
Let u(t) = t**3 - 39*t**2 - 125*t - 60. Give u(42).
-18
Let n(w) = -12*w - 89. Calculate n(-12).
55
Let h(o) = -26*o + 897. Determine h(34).
13
Let p(y) = 19*y**2 - 3*y - 5. Give p(-3).
175
Let k(c) = -2*c**3 - 114*c**2 + 119*c + 167. Give k(-58).
-7
Let f(o) = -34*o + 1213. Determine f(37).
-45
Let g(z) = -8*z**2 - 61*z + 76. Calculate g(-9).
-23
Let o(z) = -468*z - 3333. Give o(-7).
-57
Let i(r) = 54*r - 163. Determine i(10).
377
Let u(b) = -b**3 - 7*b**2 - 3*b + 43. Determine u(-6).
25
Let j(t) = t**2 + 66*t + 1035. Calculate j(-26).
-5
Let i(h) = 143*h + 1529. Calculate i(-7).
528
Let r(p) = 793*p - 30116. Determine r(38).
18
Let m(v) = v**3 + 4*v**2 - 23*v + 38. What is m(-8)?
-34
Let s(t) = -t**3 - 8*t**2 + 20*t - 23. Give s(-10).
-23
Let j(d) = d**3 + 2*d**2 - 32*d + 22. Determine j(-7).
1
Let r(x) = x**2 - 4*x + 10. Calculate r(6).
22
Let z(y) = -y**2 - 19*y - 85. Give z(-9).
5
Let s(m) = 5*m + 5. What is s(-27)?
-130
Let a(y) = 135*y - 6881. Determine a(51).
4
Let h(g) = -2*g**3 + 27*g**2 + 94*g - 18. Determine h(-3).
-3
Let f(v) = v**3 - 28*v**2 - 11*v - 98. Determine f(28).
-406
Let a(n) = -1650*n + 1643. Determine a(1).
-7
Let x(a) = -a**2 - 417*a - 5761. Give x(-14).
-119
Let m(d) = -2*d**3 + 34*d + 74. What is m(-2)?
22
Let s(n) = -2*n**2 + 45*n + 47022. Calculate s(165).
-3
Let w(z) = -z**3 - 40*z**2 - 176*z - 11. What is w(-5)?
-6
Let y(d) = -8*d**2 - 391*d - 390. What is y(-1)?
-7
Let r(c) = c**3 + 22*c**2 - 724*c - 158. Give r(-40).
2
Let m(b) = b**3 - 97*b**2 + 462*b - 165. Give m(92).
19
Let h(v) = 2*v**3 - 27*v**2 + 6*v + 324. What is h(12)?
-36
Let x(n) = -3*n**3 - 369*n**2 - 364*n + 233. What is x(-122)?
-11
Let j(v) = -v**2 - 232*v + 14770. Calculate j(52).
2
Let k(v) = 188*v - 1140. Give k(6).
-12
Let s(c) = -c**3 - 30*c**2 + 55*c + 792. What is s(-31)?
48
Let m(j) = -18*j + 125. Give m(8).
-19
Let c(y) = -28*y - 303. Determine c(-11).
5
Let f(b) = -8*b**2 - 793*b - 93. What is f(-99)?
6
Let o(n) = -6*n**2 - 4*n - 23. Give o(-3).
-65
Let x(o) = -32*o**2 - 29*o - 29. Calculate x(-1).
-32
Let u(f) = 61*f + 187. What is u(-3)?
4
Let t(w) = -559*w + 1304. Give t(2).
186
Let b(f) = -7*f**3 - 10*f**2 - 4*f - 6. Determine b(-3).
105
Let u(v) = v**3 - 22*v**2 - 13*v + 282. Give u(22).
-4
Let z(f) = -f**3 + 28*f**2 - 45*f - 188. What is z(26)?
-6
Let d(k) = -k**3 - 14*k**2 - 22*k - 31. Calculate d(-12).
-55
Let g(n) = -n**3 - 9*n**2 + 13*n + 289. Calculate g(-8).
121
Let m(p) = -1004*p - 5094. What is m(-5)?
-74
Let r(v) = 2*v**3 + 7*v**2 + 2*v - 21. What is r(-5)?
-106
Let f(v) = -470*v + 1363. Give f(3).
-47
Let a(x) = x**2 - 2*x - 6. Calculate a(-4).
18
Let q(w) = w**3 + 9*w**2 + 3*w + 30. Calculate q(-9).
3
Let f(s) = -s**2 - 9*s + 11. Determine f(-3).
29
Let c(w) = -w**2 + 62*w + 1276. Give c(78).
28
Let r(n) = -2*n**2 + 53*n - 52. Calculate r(1).
-1
Let c(g) = g**3 + 26*g**2 - 236*g + 25. What is c(7)?
-10
Let x(c) = -191*c - 38. What is x(-1)?
153
Let r(u) = -5*u**2 + 31*u - 17. What is r(9)?
-143
Let n(v) = -2*v**3 - 4*v**2 + 5*v - 20. Calculate n(-3).
-17
Let f(r) = r**3 - r**2 - 3*r + 6. Calculate f(2).
4
Let f(j) = 87*j - 1224. Calculate f(14).
-6
Let k(z) = -13*z**2 - 14*z - 11. What is k(-5)?
-266
Let w(x) = -x**3 + 10*x**2 - 7*x - 34. Determine w(9).
-16
Let n(t) = -26*t**2 - 616*t + 866. Determine n(-25).
16
Let i(n) = -n**3 - 24*n**2 - 30*n - 725. Determine i(-24).
-5
Let p(g) = 8*g**2 - 11*g - 46. Determine p(-3).
59
Let t(r) = 60*r - 17. What is t(-1)?
-77
Let b(h) = -12*h**2 + 10*h - 89. Calculate b(5).
-339
Let h(p) = -1132*p - 45290. Determine h(-40).
-10
Let j(d) = -10*d**2 + 107*d + 27. Calculate j(11).
-6
Let b(j) = -j**3 - 14*j**2 - 56*j - 51. What is b(-14)?
733
Let r(x) = -53*x - 1161. Determine r(-36).
747
Let y(t) = t**2 - 61*t + 781. What is y(43)?
7
Let x(k) = -35*k**2 + 41*k + 223. Give x(-2).
1
Let i(r) = -2*r**2 - 265*r - 1360. Calculate i(-5).
-85
Let q(f) = -2*f**3 + 14*f**2 + 66*f - 18. Determine q(10).
42
Let g(p) = -p**3 - 22*p**2 - 75*p - 16. What is g(-18)?
38
Let o(w) = 382*w - 1903. What is o(5)?
7
Let s(q) = -q**2 - 17*q + 22. Calculate s(-12).
82
Let x(z) = -4*z**2 - 2*z. What is x(1)?
-6
Let x(h) = 14*h - 212. Give x(18).
40
Let h(z) = z**3 + 28*z**2 + 52*z - 1